*2 - 2445*x + 12195. What is v(5)?
-130
Let v(t) = -8091*t - 121674. Calculate v(-15).
-309
Let x(t) = t**3 - 50*t**2 - 847*t - 2470. Give x(-10).
0
Let h(p) = -p**3 - 59*p**2 - 118*p - 257. Calculate h(-57).
-29
Let u(f) = -17108*f - 530393. Calculate u(-31).
-45
Let o(r) = r**2 + 3028*r - 1016545. Calculate o(305).
20
Let o(j) = 26*j**2 - 505*j + 95. Determine o(19).
-114
Let f(g) = 6630*g - 66316. What is f(10)?
-16
Let b(d) = -376398*d + 3387580. Calculate b(9).
-2
Let n(w) = 104*w + 2181. What is n(-21)?
-3
Let f(k) = 61*k**2 - 1676*k - 5023. What is f(-3)?
554
Let a(c) = -44979*c + 224592. Give a(5).
-303
Let p(j) = 3*j**3 + 75*j**2 - 22*j + 356. Determine p(-26).
-1100
Let t(l) = -l**3 + 54*l**2 + 416*l + 698. Give t(61).
27
Let q(l) = -376018*l + 3008112. Determine q(8).
-32
Let h(i) = -8793*i + 114554. Calculate h(13).
245
Let h(x) = 2*x**2 - 239*x + 889. Calculate h(116).
77
Let c(x) = -13*x**3 - 1913*x**2 - 274*x + 2836. What is c(-147)?
-104
Let n(y) = 2*y**3 - 16*y**2 + 97*y + 44. Calculate n(6).
482
Let w(f) = 12637*f - 5560284. Calculate w(440).
-4
Let r(i) = -i**3 - 509*i**2 - 270*i + 120945. Determine r(-508).
41
Let u(s) = 1149*s + 125909. Calculate u(-109).
668
Let w(x) = 147528*x - 8114040. Give w(55).
0
Let z(r) = r**3 - 79*r**2 - 8730*r - 1689. Give z(141).
3
Let k(y) = 64*y**2 - 605*y - 3883. Give k(14).
191
Let t(d) = d**3 - 83*d**2 + 297*d - 4578. What is t(80)?
-18
Let v(g) = 2356*g - 47045. Give v(20).
75
Let o(i) = -i**3 - 32*i**2 - 167*i + 99. Calculate o(-8).
-101
Let p(l) = -11*l**2 - 27054*l + 54137. Give p(2).
-15
Let j(z) = -z**2 + 15*z + 2. What is j(15)?
2
Let k(n) = 43789*n + 18128645. Determine k(-414).
-1
Let f(u) = 21096*u + 105509. Calculate f(-5).
29
Let p(o) = o**3 - 97*o**2 - 725*o - 249. Calculate p(104).
63
Let v(b) = 3*b**3 + 72*b**2 + 70*b - 119. Calculate v(-23).
-142
Let n(i) = i**3 + 7*i**2 + 5*i - 48. Determine n(-4).
-20
Let j(m) = 21*m**2 - 1438*m - 45. What is j(69)?
714
Let k(r) = r**3 - 204*r**2 - 3511*r - 1971. Calculate k(220).
9
Let d(m) = -42603*m - 127886. Give d(-3).
-77
Let x(a) = a**2 - 397*a - 4613. What is x(-12)?
295
Let p(r) = r**3 + 182*r**2 - 185*r + 33676. Calculate p(-184).
4
Let y(x) = 15*x**3 - 358*x**2 - 14*x - 42. Give y(24).
774
Let o(b) = 57906*b - 463218. Give o(8).
30
Let i(m) = -2928*m - 30663. Calculate i(-11).
1545
Let u(c) = 177*c**3 - c**2 + 228*c - 225. What is u(1)?
179
Let j(f) = -2*f**3 + 13*f**2 - 13*f - 4766. Calculate j(0).
-4766
Let v(o) = o**2 + 467*o - 6606. Calculate v(14).
128
Let f(l) = -l**2 - 191*l - 1821. Give f(-15).
819
Let z(r) = 2*r**3 + 49*r**2 + 59*r + 465. Give z(-24).
-375
Let z(c) = c**2 - 468*c + 41557. What is z(120)?
-203
Let p(q) = -89*q**3 + 642*q**2 - 19*q - 28. What is p(7)?
770
Let d(z) = -13*z**2 - 1746*z - 7258. What is d(-130)?
22
Let k(p) = -100*p**2 + 25300*p + 215. Give k(253).
215
Let o(y) = -4178*y - 87036. Give o(-21).
702
Let r(a) = 4814*a + 38490. Determine r(-8).
-22
Let i(k) = k**3 - 174*k**2 - 3051*k + 1894. Calculate i(190).
-196
Let p(o) = 287*o + 1728. What is p(-5)?
293
Let q(f) = -961*f - 5204. Give q(-6).
562
Let m(l) = 471*l**2 + 1813*l - 10. What is m(-4)?
274
Let s(w) = 7*w**2 + 1728*w - 231. Give s(-247).
16
Let u(z) = z**3 + 42*z**2 - 777*z + 2712. What is u(5)?
2
Let p(r) = 838*r + 22359. Determine p(-24).
2247
Let y(z) = -6*z**2 - 51*z - 67. Give y(-1).
-22
Let x(w) = 281*w**2 - 584*w - 4113. What is x(5)?
-8
Let w(r) = -6*r**2 - 209*r - 1229. Give w(-27).
40
Let h(w) = -14*w**3 + 16*w**2 - 221*w + 768. What is h(4)?
-756
Let l(y) = -2*y**2 + 5623*y - 67192. What is l(12)?
-4
Let t(m) = m**3 - 91*m**2 + 2057*m - 1521. Give t(52).
-13
Let d(y) = -y**3 - 5*y**2 + 158*y + 1229. What is d(-8)?
157
Let x(g) = g**3 - 42*g**2 + 337*g - 554. Determine x(32).
-10
Let c(f) = -6*f**3 - 678*f**2 + 1329*f + 106. Give c(2).
4
Let t(l) = 2891*l - 63620. What is t(22)?
-18
Let m(d) = -8*d**2 + 700*d + 4460. Calculate m(-6).
-28
Let u(t) = 2*t**2 + 3928*t - 107303. What is u(27)?
211
Let k(h) = 2*h**3 - 212*h**2 + 2004*h - 8137. Give k(96).
-73
Let i(t) = 2*t**3 + 71*t**2 - 52*t - 356. Give i(-36).
220
Let i(m) = 726*m**2 + 4331*m + 60. Calculate i(-6).
210
Let m(l) = -4535*l + 44948. What is m(10)?
-402
Let r(b) = 168225*b - 15981385. Calculate r(95).
-10
Let z(n) = -30*n + 4991. Give z(167).
-19
Let r(h) = -1289*h - 5303. Calculate r(-4).
-147
Let v(f) = f**3 - 82*f**2 - 341*f - 34206. What is v(90)?
-96
Let v(o) = o**3 + 13*o**2 - 2791*o - 41409. Determine v(-15).
6
Let p(s) = -7*s**2 - 3735*s - 36627. Calculate p(-10).
23
Let d(s) = 5473*s + 153618. Determine d(-28).
374
Let n(z) = -z**3 - 225*z**2 + 2598*z + 36. Give n(11).
58
Let m(l) = -211*l**2 + 165*l + 469. Give m(-4).
-3567
Let h(r) = 5017*r - 25355. Determine h(5).
-270
Let y(j) = j**2 + 118*j + 1446. What is y(-33)?
-1359
Let o(n) = 634*n - 430498. Determine o(679).
-12
Let r(a) = -23828*a + 333579. What is r(14)?
-13
Let q(v) = 323*v**3 + 8*v**2 + 5*v + 6. Give q(-1).
-314
Let z(p) = -p**3 + 4*p**2 - 296*p + 2201. Calculate z(7).
-18
Let k(f) = 2*f**3 + 99*f**2 + 513*f - 160. Determine k(-6).
-106
Let u(z) = 92*z**2 + 543*z + 18. Calculate u(-6).
72
Let z(o) = -2*o**3 + 291*o**2 - 721*o + 1412. Calculate z(143).
554
Let f(m) = -572*m**3 + 16*m**2 + 56*m + 41. What is f(-1)?
573
Let j(c) = 503*c**2 + 13574*c - 54. Determine j(-27).
135
Let p(x) = 13984*x - 55644. Give p(4).
292
Let f(h) = 4896*h + 641379. Give f(-131).
3
Let p(j) = 3*j**3 + 11*j**2 + 46*j + 176. Determine p(-4).
-24
Let p(f) = f**3 - 251*f**2 - 12643*f + 299. Calculate p(294).
5
Let a(p) = p**2 + 5388*p + 424610. What is a(-80)?
-30
Let g(y) = -y**3 - 97*y**2 + 12665*y - 810. Calculate g(74).
4
Let g(k) = 181*k**2 + 12854*k + 209. What is g(-71)?
-4
Let q(o) = 10*o**2 - 2946*o - 14679. Calculate q(-5).
301
Let z(r) = 62*r**2 - 1005*r - 181. Determine z(10).
-4031
Let u(n) = -206*n + 51117. Determine u(248).
29
Let x(g) = -g**3 + 35*g**2 - 119*g - 187. Calculate x(31).
-32
Let y(p) = 22*p**2 + 130*p - 1206. Determine y(6).
366
Let o(c) = -11346*c - 181613. Calculate o(-16).
-77
Let y(g) = -5392*g + 15917. Determine y(3).
-259
Let s(c) = 5087*c - 2833464. Determine s(557).
-5
Let p(f) = -f**3 - 21*f**2 + 6*f - 3454. Calculate p(0).
-3454
Let p(b) = 291*b - 861. Give p(3).
12
Let g(x) = -x**3 + 165*x**2 + 277*x + 9497. Determine g(167).
-22
Let x(v) = 2*v**2 + 1403*v + 29379. What is x(-21)?
798
Let z(r) = 132*r + 1919. Give z(-12).
335
Let r(h) = 7576*h - 121183. Give r(16).
33
Let a(u) = -21*u**3 + 12*u - 81. Calculate a(3).
-612
Let s(j) = -2*j**3 + 1009*j**2 - 4982*j - 70. Determine s(5).
-5
Let i(w) = 206*w - 31390. Determine i(157).
952
Let i(q) = -2*q**3 - 17*q**2 - 35*q - 15. Give i(-3).
-9
Let h(k) = 15*k**3 + 16*k**2 - 172*k + 14. Determine h(-4).
-2
Let v(i) = i**3 - 154*i**2 + 1945*i + 83694. Give v(135).
-6
Let j(d) = -d**3 - 48*d**2 - 618*d + 2. Calculate j(-20).
1162
Let l(z) = 7*z**3 + z**2 + 569*z + 2769. Give l(-5).
-926
Let s(y) = 49*y**2 + 4202*y - 1032. What is s(-86)?
0
Let u(j) = 151*j**3 - 2*j**2 + 64*j - 58. What is u(1)?
155
Let b(x) = 14956*x - 164529. What is b(11)?
-13
Let v(x) = 4*x**3 - 44*x**2 + 227*x - 2397. Give v(11).
100
Let i(f) = 2*f**3 - 29*f**2 - 8420*f + 126070. Calculate i(15).
-5
Let s(d) = -235*d + 9125. Give s(39).
-40
Let f(d) = 30*d + 4629. Determine f(-104).
1509
Let h(j) = 1536*j - 24690. Determine h(16).
-114
Let q(n) = -325*n + 58558. What is q(180)?
58
Let f(j) = 1061*j + 20153. Determine f(-19).
-6
Let f(i) = -i**2 + 220*i + 68444. Calculate f(-174).
-112
Let p(g) = -3407*g - 54678. What is p(-16)?
-166
Let g(f) = 43*f**2 - 1078*f + 108. What is g(25)?
33
Let m(w) = -3*w**3 + 49*w**2 + 1804*w - 65. Give m(34).
3
Let r(p) = 2*p**2 - 96*p - 1166. Calculate r(58).
-6
Let b(c) = 52*c**2 + 712*c + 1694. Determine b(-3).
26
Let x(y) = 2*y**3 - 45*y**2 + 80*y + 405. What is x(20)?
5
Let h(d) = -5*d**2 - 3358*d - 80490. What is h(-24)?
-2778
Let m(q) = -q**2 - 20*q - 46. Determine m(3).
-115
Let v(t) = 157*t**2 - 39409*t + 668. What is v(251)?
166
Let f(u) = -9000*u - 125940. Calculate f(-14).
60
Let b(w) = -47805*w - 47823. Calculate b(-1).
-18
Let j(g) = g**3 - 225*g**2 + 9*g - 2055. Determine j(225).
-30
Let o(v) = 4*v**3 - 18*v**2 - 14*v